 to base 4.
-113222
442320 (base 5) to base 16
3be7
5a1 (base 11) to base 10
716
What is -1141 (base 7) in base 10?
-421
-12022232 (base 4) to base 5
-1302022
What is 1433121 (base 6) in base 14?
2201b
3cd7 (base 15) to base 9
18774
What is 18a (base 13) in base 9?
344
Convert 10101221 (base 3) to base 7.
10144
Convert 27235 (base 10) to base 12.
13917
Convert -100550 (base 6) to base 5.
-223421
Convert 701 (base 8) to base 10.
449
Convert 7216 (base 10) to base 15.
2211
539 (base 10) to base 3
201222
What is -bc0 (base 15) in base 10?
-2655
What is 2a08a (base 11) in base 9?
64503
What is -34752 (base 9) in base 13?
-a748
-20020 (base 7) to base 3
-20121101
Convert 311 (base 6) to base 9.
137
Convert -42 (base 16) to base 15.
-46
Convert 41313 (base 5) to base 10.
2708
-2750 (base 8) to base 5
-22022
Convert 2204 (base 6) to base 9.
624
What is -11134 (base 5) in base 11?
-662
2220 (base 4) to base 14
c0
626 (base 11) to base 10
754
Convert -2211102 (base 3) to base 15.
-928
1043 (base 12) to base 11
1378
Convert 1021110122 (base 3) to base 7.
133154
33134 (base 5) to base 2
100011110110
What is -61735 (base 8) in base 7?
-134351
What is 774 (base 9) in base 5?
10014
170 (base 12) to base 7
444
Convert 17445 (base 8) to base 5.
223343
Convert 11233233 (base 4) to base 11.
16756
What is -825 (base 12) in base 14?
-605
-5c4 (base 14) to base 15
-51c
Convert 15666 (base 8) to base 16.
1bb6
1200102 (base 3) to base 12
862
What is -1212012010 (base 3) in base 16?
-8eec
Convert -5b0 (base 15) to base 6.
-5550
326662 (base 7) to base 9
87031
8b07 (base 13) to base 11
13675
Convert -a5 (base 12) to base 15.
-85
-3753 (base 8) to base 3
-2210002
What is -1580 (base 12) in base 8?
-4760
What is -29 (base 11) in base 14?
-23
Convert 20022210 (base 4) to base 2.
1000001010100100
121202100 (base 3) to base 16
2fb5
23bc (base 14) to base 8
14142
Convert 201202 (base 3) to base 16.
215
Convert 6866 (base 9) to base 3.
20222020
Convert 112330 (base 4) to base 9.
2011
Convert -1000001100011010 (base 2) to base 10.
-33562
-122200 (base 3) to base 9
-580
Convert 1200 (base 4) to base 8.
140
Convert -21113 (base 4) to base 11.
-4a5
161 (base 16) to base 15
188
What is 51 (base 13) in base 6?
150
What is -10200112 (base 4) in base 14?
-6a22
What is 4623 (base 8) in base 3?
10100210
What is -8625 (base 11) in base 10?
-11401
dcc (base 15) to base 5
44432
What is 22481 (base 9) in base 8?
35201
10233 (base 4) to base 5
2203
What is 570 (base 8) in base 5?
3001
What is -100001101011000 (base 2) in base 5?
-1022430
What is -6106 (base 9) in base 4?
-1011231
Convert -23d2 (base 14) to base 5.
-200020
What is a9 (base 12) in base 5?
1004
What is 2172 (base 9) in base 3?
2012102
What is 14532 (base 7) in base 10?
4041
What is 10212211 (base 3) in base 6?
21034
Convert 3f (base 16) to base 11.
58
2622 (base 7) to base 9
1326
215432 (base 6) to base 7
103514
-1021312 (base 4) to base 12
-289a
What is -201445 (base 6) in base 11?
-10a82
What is 5011 (base 8) in base 4?
220021
Convert -220000 (base 4) to base 14.
-d0c
What is 106 (base 7) in base 8?
67
What is 1ce (base 15) in base 16?
1a3
What is 135166 (base 7) in base 11?
18445
10110000111 (base 2) to base 16
587
Convert -103014 (base 5) to base 4.
-312311
Convert -71b5 (base 15) to base 10.
-24020
Convert -30111 (base 4) to base 10.
-789
Convert 5914 (base 13) to base 6.
133551
What is -78428 (base 9) in base 6?
-1041125
d60 (base 15) to base 3
11010200
What is -274 (base 9) in base 8?
-345
Convert 6207 (base 11) to base 14.
3003
Convert -16520 (base 7) to base 15.
-15e8
What is -113003 (base 4) in base 15?
-685
Convert -100100011110 (base 2) to base 10.
-2334
Convert -1352 (base 8) to base 9.
-1018
What is 64577 (base 9) in base 12?
208b1
What is 76712 (base 8) in base 7?
162612
-3ba2 (base 14) to base 9
-15400
What is 24535 (base 7) in base 12?
3891
What is -3a4a (base 12) in base 11?
-5025
What is 3322 (base 4) in base 5?
2000
-337 (base 12) to base 5
-3400
What is -7014 (base 16) in base 7?
-146436
-953 (base 10) to base 5
-12303
Convert 1884 (base 10) to base 15.
859
What is -272 (base 11) in base 14?
-18d
Convert 43130 (base 5) to base 10.
2915
66 (base 10) to base 7
123
-1553 (base 7) to base 2
-1001110010
Convert 5992 (base 11) to base 10.
7845
-150240 (base 6) to base 9
-21616
Convert -1021221 (base 3) to base 4.
-32233
Convert -38 (base 14) to base 11.
-46
What is 110351 (base 7) in base 16?
4bbf
What is -1000001010011 (base 2) in base 13?
-1b96
What is 906 (base 14) in base 12?
1036
17067 (base 8) to base 10
7735
What is -3043 (base 7) in base 9?
-1407
Convert -123055 (base 6) to base 10.
-11051
Convert -b0 (base 12) to base 16.
-84
Convert 12c4 (base 15) to base 2.
111110101001
Convert 759 (base 12) to base 14.
56d
547 (base 8) to base 7
1022
Convert -14122 (base 8) to base 9.
-8477
What is -255531 (base 6) in base 3?
-1011222101
-3888 (base 13) to base 8
-17567
1641 (base 11) to base 9
2785
1112111212 (base 3) to base 10
30263
What is 258 (base 12) in base 16?
164
What is -122122002 (base 3) in base 12?
-7532
What is -1741 (base 11) in base 16?
-8af
2033323 (base 4) to base 2
10001111111011
What is 722 (base 15) in base 6?
11235
3464 (base 7) to base 11
a56
What is -3041 (base 5) in base 9?
-480
What is -21221222 (base 3) in base 10?
-5804
What is 210 (base 4) in base 11?
33
Convert 10100000001 (base 2) to base 14.
677
-304 (base 13) to base 5
-4021
What is dcc (base 16) in base 11?
2721
533525 (base 6) to base 15
cdc8
-9012 (base 10) to base 14
-33da
10021002 (base 4) to base 2
100001001000010
What is 1011111 (base 4) in base 8?
10525
Convert -11111010000111 (base 2) to base 11.
-11032
1001011101 (base 2) to base 16
25d
Convert 242 (base 7) to base 15.
88
-58688 (base 10) to base 4
-32111000
-2aa4 (base 15) to base 4
-2033002
Convert 7747 (base 12) to base 14.
4b1d
Convert -1234 (base 8) to base 12.
-478
What is 1546 (base 7) in base 11?
516
What is 14336 (base 8) in base 15?
1d46
-1495 (base 10) to base 6
-10531
What is 3515 (base 8) in base 13?
b0a
What is 10023 (base 4) in base 8?
413
What is 1100000111 (base 2) in base 13?
478
Convert 15347 (base 12) to base 9.
44861
What is 8154 (base 10) in base 2?
1111111011010
What is 955 (base 11) in base 7?
3231
22002220 (base 3) to base 14
2222
-1432 (base 6) to base 12
-278
1156 (base 9) to base 11
713
Convert -24903 (base 11) to base 12.
-187aa
Convert -106 (base 8) to base 5.
-240
What is -a776 (base 11) in base 6?
-145532
Convert -466 (base 9) to base 4.
-12000
-1b4 (base 14) to base 15
-189
What is 1111111100110 (base 2) in base 11?
6154
1012201212 (base 3) to base 5
1230424
Convert -159a (base 15) to base 5.
-122040
Convert 210001 (base 3) to base 10.
568
What is 20ee (base 16) in base 11?
6374
-3031 (base 5) to base 9
-474
Convert -230 (base 13) to base 5.
-3002
What is -2030300 (base 4) in base 3?
-110100122
Convert 101212101 (base 3) to base 9.
11771
Convert -3ed (base 16) to base 3.
-1101020
Convert -25b (base 15) to base 7.
-1364
143313 (base 7) to base 11
19809
What is 4314 (base 5) in base 14?
2da
What is -1032 (base 4) in base 7?
-141
Convert 600 (base 7) to base 5.
2134
10153 (base 7) to base 13
1195
What is -2a26 (base 12) in base 6?
-34450
Convert -22120 (base 5) to base 8.
-2777
Convert 38157 (base 11) to base 5.
3223004
What is 41421 (base 6) in base 14?
204d
Convert -125 (base 9) to base 4.
-1220
Convert -560 (base 8) to base 16.
-170
What is -1122201 (base 4) in base 10?
-5793
-455532 (base 6) to base 8
-113720
What is -2111 (base 5) in base 13?
-188
Convert 10333 (base 6) to base 14.
73b
1972 (base 10) to base 5
30342
What is -13330 (base 9) in base 13?
-4149
-275 (base 16) to base 5
-10004
386 (base 14) to base 11
592
Convert -7005 (base 8) to base 16.
-e05
What is -11111001011101 (base 2) in base 13?
-7361
101022 (base 6) to base 16
1f46
Convert -2326 (base 10) to base 2.
-100100010110
What is -39ee (base 15) in base 13?
-582b
-126373 (base 8) to base 4
-22303323
Convert -20506 (base 9) to base 4.
-3103131
Convert 3225 (base 10) to base 8.
6231
10a71 (base 11) to base 10
15929
What is -60623 (base 8) in base 6?
-311351
Convert -33034 (base 5) to base 4.
-203131
Convert 72747 (base 8) to base 7.
153666
Convert 306314 (base 7) to base 